a(d) + 7*l(d). What is i(0)?
9
Let c(g) be the second derivative of -g**5/20 + 5*g**4/12 - 2*g**3/3 - 3*g**2/2 + 14*g. Let k be c(4). Let o(i) = -3*i + 2*i + 2*i + 7. Calculate o(k).
4
Let k be (-38)/(-8)*(-32)/(-8). Suppose -3*n + 0*n + k = 2*u, -4*u = n - 33. Let c(y) = -y + 4. What is c(u)?
-4
Let u(j) = j**2 + j - 4. Let a = 14 + 16. Let p = -23 + a. Suppose h + p - 4 = 0. What is u(h)?
2
Suppose 0 = 5*i - 5*b + 60, -4*b + 0 = -20. Let p(r) = -5438 - r**3 - 2*r + 4*r - 7*r**2 + 5447. What is p(i)?
-5
Let n(o) = o + 12. Let a be n(-9). Let j(y) = -y**3 - 7*y**2 - 7*y - 2. Let w be j(-6). Let d(q) = -4 + 4*q**2 + q**2 + a + w*q**2. Determine d(1).
8
Let t(h) = -h**3 - 12*h**2 - 3*h - 41. Let n be t(-12). Let r(y) = y + 7. Calculate r(n).
2
Suppose 0 = -p + 1 + 4. Suppose z + p = 2. Let g(v) = 0*v**2 - 3*v**2 + 4*v**3 + 5*v - 5*v**3 - 4*v. Give g(z).
-3
Let r(n) be the first derivative of -n**4/2 + 4*n**3 + 5*n**2 + 12*n - 9. Let t(u) = 3*u**3 - 23*u**2 - 19*u - 24. Let m(h) = -5*r(h) - 3*t(h). Calculate m(-8).
20
Let j(h) = -10*h + 67. Let b be j(6). Let w(t) = 178*t**2 - 4*t + t**3 + b*t + 7 - 173*t**2. Give w(-5).
-8
Let r(i) = i**2 - 5*i + 6. Suppose -13*a + 264 = -a. Let d = -2 + -16. Let t = d + a. Calculate r(t).
2
Let p(i) be the first derivative of -i**2/2 - 3*i + 18. Determine p(3).
-6
Let d = -12 - -14. Let u(k) = 1 + d*k**2 + 0 - 1. What is u(3)?
18
Let y = -598 + 603. Let a(f) = 5 - 2*f**2 - 7*f - f**3 - f**2 + 0*f**2 + 9*f**2. Give a(y).
-5
Let m(s) = 2*s**2 - 10*s**3 + 3*s**2 + 0*s**2 + 6*s**2 - 3*s + 2 - 10*s**2. What is m(1)?
-10
Let r(t) = -3*t**2 - 2*t - 1. Let f(i) = i**3 - 3*i + 2. Let n be f(2). Let m(v) = -v**2 - v - 1. Let w(d) = n*m(d) - r(d). What is w(-3)?
-6
Let w(y) = -y**3 + 6*y**2 - 4*y - 3. Let n be 6/8 + -17*19/(-76). Give w(n).
2
Let d(i) = -i. Let m be d(-1). Let g be m + -5 + -9*8/(-6). Let a(n) = n - 10. Calculate a(g).
-2
Let q(w) = -w**2 - 14*w + 5. Let g(x) = 2*x**2 + 13*x + 1. Let s be g(-5). Calculate q(s).
5
Let d(m) = -m**3 + m + 1. Let w = 9 + -14. Let n(l) = -4*l**3 - 4*l**2. Let o(v) = w*d(v) + n(v). Suppose -3*a = -7 - 8. Give o(a).
-5
Let k(n) = -n**2 - 4*n. Suppose -3*q - 2*f = -4*f - 40, -f = 5. Suppose -l = 4*g + 5, -g + l = 5*l - q. What is k(g)?
4
Let i be -2 - -1*(-2 - 2). Let r(w) be the first derivative of -33 - 2*w**2 + 7*w + 1/4*w**4 + 5/3*w**3. What is r(i)?
-5
Let x(t) = -t**3. Let n(k) = k**3 - 2*k**2 - 10*k + 4. Let a be n(4). Let j be -3*a/54 + 14/18. Give x(j).
-1
Suppose 2*q = -q + p + 5, -p = q - 3. Let s(f) = -31*f - q*f**3 - 2*f**2 + 30*f - 4*f**3. Calculate s(-1).
5
Let u(d) = -20*d + 2. Let q(b) = 17*b. Let i(n) = 7*q(n) + 6*u(n). Determine i(7).
5
Let w(z) be the third derivative of z**5/60 - z**4/8 - 2*z**3/3 + 9*z**2. Calculate w(6).
14
Let k = -20 + 18. Let t(b) be the first derivative of -b**4/2 - b**3 - b**2 - 24. Give t(k).
8
Let o(m) be the third derivative of 7*m**4/24 - 8*m**3/3 + 3*m**2. Let b(g) = 11*g - 27 - 5*g + 3 + 4*g. Let u(l) = -5*b(l) + 7*o(l). What is u(6)?
2
Let y(f) be the third derivative of f**6/120 - f**5/12 + f**4/24 - 5*f**3/6 + 19*f**2 - f. Calculate y(5).
0
Let b(z) = -13*z**2 + 2681*z**3 - 1 - 2682*z**3 - 8 + 3. Give b(-13).
-6
Let u(a) = 16*a**3 - 25*a**2 - 6*a - 11. Let h(t) = 3*t**3 - 5*t**2 - t - 2. Let o(i) = 11*h(i) - 2*u(i). Let f be 66/(-48) - -1 - 27/(-8). What is o(f)?
-15
Let k(h) = -h**3 - 5*h**2 - 2*h + 5. Suppose 3*w + 1 = -2. Let n = -4 + w. Let q be 30/n - (2 - 4). Calculate k(q).
-3
Let g(u) = 88*u - 3 + 10*u + 4*u**2 - 101*u + u**3. What is g(-4)?
9
Let r(l) = -3*l + 0*l + 0*l + 10 + 2*l. What is r(12)?
-2
Let s(l) = -l**3 + 24*l**2 + 5*l + 4. Let v(y) = -y**3 + 23*y**2 + 4*y + 3. Let o(h) = 4*s(h) - 5*v(h). Calculate o(19).
1
Let i(k) = 19*k**2 + 2*k - 1. Let o be (-15)/6*((-26)/(-10) + -3). Determine i(o).
20
Let x(g) = -2*g**3 - 2*g**2 + 2*g + 1. Let j = -6 - -4. Let q be x(j). Let s(n) = -2 - 11*n + 0*n**2 + n**2 + 5 + q*n. What is s(4)?
-5
Let s = -7 - -12. Let a(o) = 7*o - 1. Let n(b) = -6*b + 1. Let h(q) = s*a(q) + 6*n(q). Give h(-6).
7
Let v(n) = 5*n**3 + 4*n**2 + n - 5. Let m(w) = 9*w**3 + 8*w**2 + w - 9. Let h(t) = -3*m(t) + 5*v(t). Let o = 120 + -123. Give h(o).
14
Suppose t - 5*f - 19 = -0*t, 3*t + 2*f = -11. Let a(n) = -40*n**3 + n**2 - 1 + 46*n**3 + 2*n - 3*n. Give a(t).
-5
Let v(d) be the second derivative of d**5/4 - d**4/12 + d**3/6 + d**2/2 + d. Suppose -2 = r - 5*s, -5*r - 25 = -s + 81. Let y = r - -21. Give v(y).
-6
Let v be (9/(-3) - 1) + 3. Let k be v + 2 + -2 - -2. Let c(a) = -16 - a**2 - a + a + 17. Give c(k).
0
Suppose 0 = 19*x - 18*x + 4. Let p(t) = -t**2 - 5*t - 9. What is p(x)?
-5
Let x(y) be the first derivative of y**3/3 + 5*y**2/2 - 2*y - 28. What is x(3)?
22
Let p(h) = -h + 5. Let w(k) be the first derivative of -k**2 + 11*k - 43. Let q(t) = -9*p(t) + 4*w(t). Calculate q(1).
0
Let v(w) = -2*w**2 - w. Suppose 4*l + 3*a - 7*a - 12 = 0, 3*a - 3 = -l. Let c(u) = 2*u**3 - 6*u**2 + 2*u - 5. Let p be c(l). What is v(p)?
-3
Let o(h) = -h + 6. Let m = -41 + 27. Let c = m + 39. Suppose -6*v + v + c = 0. What is o(v)?
1
Let k(y) be the third derivative of -y**8/6720 - y**7/630 + y**6/180 + y**5/40 + 29*y**4/24 - 34*y**2. Let r(a) be the second derivative of k(a). What is r(-5)?
8
Let o(k) be the second derivative of -5*k**3/6 - 3*k**2/2 - 116*k. What is o(-3)?
12
Let u(o) = -o - 1. Suppose 0 = 6*w - 17 - 13. Give u(w).
-6
Let s(m) = m**3 - 2*m**2 - 3*m + 3. Let a = -204 - -301. Let r = -95 + a. Calculate s(r).
-3
Let q(s) = -23*s - 320. Let g be q(-14). Let u(m) = -16*m - 2. What is u(g)?
-34
Let n(o) = 4 - o - o**2 + 3 - 5. Let t = 8 - 4. Suppose 3*p = t*h + 3, -3*p + p - 18 = 4*h. Give n(p).
-4
Let y(s) = -s**3 + 6*s**2 - 6. Suppose o - 4*u = -13, o + 4*u - 8 = u. Suppose 0 = 3*z + p + 4 - 3, -4*p + 10 = -2*z. Let r be (-9)/o - (2 - z). What is y(r)?
-6
Suppose 9 - 59 = 10*j. Let k(m) = m**2 + 6*m + 2. What is k(j)?
-3
Let u(v) = -12*v**2 + 5*v - 1. Let i(a) = -37*a**2 + 14*a - 3. Let x(b) = -4*i(b) + 11*u(b). Determine x(1).
16
Let b(x) be the first derivative of -1/2*x**2 - x + 1/3*x**3 - 3/4*x**4 - 12. Let h(d) = d**3 + 3*d**2 + 3*d + 1. Let m be h(-2). What is b(m)?
4
Suppose 4*v = p + 191, -4*p + 41 = v + 6. Let d(w) = -6*w**2 + v*w - w**2 - 46*w. Let i = -45 + 44. Calculate d(i).
-8
Let u be (8/(-24))/(-4 + 425/105). Let w(i) = i**2 + 5*i - 3. Calculate w(u).
11
Let t(l) = l**2 - 7*l - 9. Let u be t(8). Let z(s) be the second derivative of -5*s**4/12 - s**2/2 - 219*s. Calculate z(u).
-6
Let h(p) be the first derivative of -2/3*p**3 + 2*p**2 - 1/4*p**4 + 23 + 4*p. Determine h(-4).
20
Let o(r) be the third derivative of -1/6*r**3 + 25*r**2 + 0 + 1/10*r**5 + 0*r + 0*r**4. Suppose -4*w = -3*w + 1. Calculate o(w).
5
Let k be (-39)/(-12) + 2/(-8). Let v(i) = 3*i + 18. Let w be v(-5). Let q(l) = -5*l**2 + 6*l**2 + 0*l**k - 2*l**3 + l + 6*l**w. Calculate q(-1).
-4
Let y(v) be the third derivative of v**4/24 + v**3 + 34*v**2. Suppose 0 = -0*u - 5*u. Calculate y(u).
6
Let b = -4 - -3. Let q(v) = -162*v. Let w(j) = -7*j. Let u(p) = q(p) - 24*w(p). Calculate u(b).
-6
Let o(b) = 13*b. Let x(c) = -126*c - 2. Let z(m) = 10*o(m) + x(m). Suppose -2*t = -4*t. Suppose -3*y = 5*i - 13, 0*i - i + 2*y = t. Calculate z(i).
6
Let z(h) = 8*h**2 + h + 1. Let a be 3*(-4 + (-11)/(-3)). What is z(a)?
8
Let a be 2/4*(-12)/(-2). Suppose a*k - 5 + 2 = 0. Let o(r) = r - k + 6 - 3. Calculate o(3).
5
Let g(t) be the first derivative of -t**4/4 + 5*t**3/3 + 6*t + 89. Determine g(5).
6
Let g be (-66)/55 + (-1)/(-5). Let r(q) be the third derivative of q**6/120 + q**5/20 + q**4/24 - 2*q**2. Calculate r(g).
1
Let s(y) be the first derivative of -y**4/4 - y**3 + y**2 - 5*y + 119. Calculate s(-4).
3
Let n(t) = -t**2 - 6*t - 1. Let o be ((-9)/(-6))/(-3)*-38. Let i = 6 + o. Suppose -5*l = 5 + i. Calculate n(l).
-1
Let w be 6/(-16) + (-1074)/(-48). Let v = 24 - w. Let a(r) = -2*r + 0 + 1 + 3*r**v + 0 + r + r**3. Calculate a(-3).
4
Let b(s) = -63*s - 6 + 180*s - 118*s. Calculate b(-5).
-1
Suppose y + 9 - 12 = 0. Let o(l) = 12 + l - l - y + l. Suppose -7 = 6*n - 5*n. Calculate o(n).
2
Let b(u) = 5*u - 7. Let g(k) = 3*k - 3. Let w(v) = -2*b(v) + 5*g(v). Suppose 0 = -7*x + 3 - 10. Determine w(x).
-6
Let h(v) = 11*v**2 + v - 1. Let x(n) = 